er?
True
Is 11540317609 composite?
False
Is 14911871389 a prime number?
True
Is 3914009371 a composite number?
False
Is 113240174759 prime?
True
Is 7683918163 prime?
False
Is 55364540549 a prime number?
True
Is 97837421 prime?
False
Is 1865498333 prime?
True
Is 125220269 prime?
True
Is 17618817547 a prime number?
False
Is 3137766943 a composite number?
True
Is 13650934973 prime?
False
Is 6134838707 a prime number?
True
Is 15200803229 a composite number?
False
Is 13955141 a prime number?
False
Is 11257395143 a prime number?
True
Is 483646153 composite?
True
Is 1934541269 a composite number?
False
Is 4876234153 a prime number?
False
Is 93052111 composite?
True
Is 2704630769 a composite number?
False
Is 38848790267 composite?
True
Is 6719203609 composite?
False
Is 15821236121 a composite number?
False
Is 1028978701 prime?
True
Is 29001281195 composite?
True
Is 3138187279 composite?
False
Is 16549035869 prime?
True
Is 22718383 a prime number?
True
Is 486785147 a prime number?
True
Is 233184311669 prime?
True
Is 127878239 prime?
True
Is 3280308901 a prime number?
False
Is 208690771 prime?
True
Is 266669069 prime?
True
Is 333036417941 a prime number?
True
Is 38536755211 prime?
False
Is 1338880877 a prime number?
False
Is 3043576681 a composite number?
False
Is 28826089927 a prime number?
True
Is 2187343451 a prime number?
True
Is 264119789 a composite number?
True
Is 776222303 prime?
True
Is 2274994597 composite?
False
Is 208623449 a composite number?
False
Is 5217236501 prime?
True
Is 482984219 prime?
True
Is 118860047 prime?
False
Is 4860574681 prime?
True
Is 4141908811 composite?
True
Is 9357301865 a composite number?
True
Is 196661651 a prime number?
True
Is 361635871 a composite number?
False
Is 103077631 a prime number?
True
Is 3684164189 composite?
False
Is 2372950531 a prime number?
False
Is 19989517841 a prime number?
True
Is 57837863 a composite number?
False
Is 3168955843 prime?
False
Is 914508967 composite?
True
Is 1216484689 composite?
True
Is 256644313 composite?
False
Is 27973614577 prime?
False
Is 362011871 prime?
False
Is 345229811 composite?
False
Is 7319241197 prime?
True
Is 806174477 prime?
True
Is 229534419 a composite number?
True
Is 2505579794 composite?
True
Is 20804573 prime?
True
Is 11506081523 prime?
False
Is 2477269771 a composite number?
False
Is 33500169491 prime?
True
Is 70480811 composite?
False
Is 445075549 a composite number?
False
Is 1347785063 composite?
True
Is 475476167 a prime number?
True
Is 3035320523 composite?
True
Is 12051661 a composite number?
True
Is 96062885 composite?
True
Is 543369601 composite?
False
Is 7278106093 prime?
False
Is 33859673457 a composite number?
True
Is 2827482413 a prime number?
False
Is 891675353 composite?
False
Is 24885512191 a composite number?
False
Is 4942680191 a composite number?
True
Is 51281713523 a prime number?
False
Is 516714613 prime?
False
Is 12090462383 a composite number?
False
Is 156366953 composite?
False
Is 2943746953 a composite number?
True
Is 1661344469 a composite number?
False
Is 1028330887 prime?
False
Is 5768524249 prime?
True
Is 247249091 composite?
False
Is 2426877259 composite?
True
Is 3750023261 prime?
True
Is 4676245907 a prime number?
True
Is 1785916577 prime?
True
Is 889082057 prime?
False
Is 20738433377 prime?
False
Is 8681668601 a composite number?
False
Is 16237183063 prime?
False
Is 122734879 composite?
True
Is 2620168819 a composite number?
True
Is 28459302701 a composite number?
True
Is 117089624933 composite?
False
Is 253540576507 composite?
False
Is 3970622791 composite?
True
Is 607273751 a composite number?
True
Is 17424944617 a composite number?
False
Is 882839431 a composite number?
True
Is 2561483627 a prime number?
True
Is 949720273 prime?
True
Is 2354057539 prime?
True
Is 126985840549 a composite number?
False
Is 44659164749 prime?
True
Is 951190061 composite?
False
Is 5519249726 prime?
False
Is 2021831083 composite?
True
Is 17216933533 a prime number?
True
Is 1613570477 a prime number?
True
Is 5176839223 composite?
True
Is 159144263 prime?
False
Is 4242836109 a prime number?
False
Is 65023919 composite?
True
Is 13389332533 composite?
False
Is 441986569 a composite number?
True
Is 4066138303 prime?
True
Is 471418469 a prime number?
True
Is 7737995831 a prime number?
False
Is 228658091623 prime?
False
Is 9883224341 prime?
True
Is 2754111847 composite?
False
Is 216396812057 composite?
False
Is 2296046327 prime?
True
Is 6045773561 a prime number?
False
Is 58748786571 prime?
False
Is 363263377 a composite number?
False
Is 2535865511 composite?
False
Is 2053333241 a composite number?
True
Is 19214622737 composite?
False
Is 548107219 prime?
False
Is 990290033 composite?
False
Is 909504803 a prime number?
True
Is 478158953 prime?
True
Is 13432510499 prime?
True
Is 866516107 a composite number?
False
Is 21948851 a composite number?
False
Is 1395695443 prime?
False
Is 568475591 prime?
True
Is 194096573663 prime?
True
Is 83490827039 prime?
True
Is 11719347097 prime?
True
Is 15815408033 prime?
True
Is 23400279403 a composite number?
True
Is 1525732157 a prime number?
False
Is 150164531 prime?
False
Is 2617144631 a composite number?
True
Is 25668844363 a composite number?
False
Is 7590402191 a prime number?
False
Is 4143106067 a composite number?
False
Is 8604978647 prime?
False
Is 258544999 a composite number?
False
Is 1984692583 composite?
True
Is 1880638901 composite?
True
Is 9090559171 a prime number?
True
Is 4599473729 prime?
True
Is 772554199 a prime number?
False
Is 4893505427 composite?
False
Is 109964808197 composite?
True
Is 546072935 a composite number?
True
Is 1001425559 prime?
True
Is 33613956041 a composite number?
False
Is 1650632311 prime?
True
Is 3071348977 a prime number?
True
Is 1349834287 prime?
True
Is 138826013527 composite?
True
Is 1304023909 a prime number?
True
Is 728778683 a composite number?
False
Is 70082216273 prime?
True
Is 2166911651 a composite number?
True
Is 113751019 prime?
False
Is 22805935313 a composite number?
True
Is 1409798947 composite?
False
Is 25998916193 prime?
True
Is 213825467 a composite number?
True
Is 9532219043 prime?
False
Is 194389306879 a composite number?
False
Is 24466926719 a composite number?
False
Is 3732735439 a composite number?
False
Is 452130181 composite?
True
Is 382373839 composite?
False
Is 5875772207 a composite number?
False
Is 16436606663 a composite number?
True
Is 123418277 composite?
True
Is 96664937 a prime number?
True
Is 6274526371 prime?
True
Is 110449859038 composite?
True
Is 1784654257 composite?
False
Is 5337402869 a prime number?
False
Is 14419082471 composite?
True
Is 6874437571 a composite number?
False
Is 557625149 a composite number?
False
Is 14156515745 a composite number?
True
Is 24849330689 a prime number?
True
Is 35170327769 a prime number?
False
Is 238640851555 prime?
False
Is 21542875577 prime?
False
Is 13354642219 composite?
True
Is 583700827 a composite number?
True
Is 22340335097 a composite number?
True
Is 514521127 a composite number?
False
Is 6044716949 a composite number?
False
Is 7344605713 prime?
True
Is 5596937909 a composite number?
True
Is 2535614681 a prime number?
False
Is 153793291 a composite number?
False
Is 42055813 a prime number?
False
Is 9991068473 composite?
False
Is 70553729 composite?
False
Is 421501429 composite?
False
Is 5690161573 composite?
True
Is 44413789481 composite?
False
Is 867486749 prime?
True
Is 6376005379 a prime number?
False
Is 1481672993 a composite number?
True
Is 4439373349 composite?
True
Is 28974345737 a prime number?
True
Is 50928645217 a prime number?
True
Is 45180778627 a composite number?
False
Is 4790356091 a prime number?
True
Is 359643091 a prime number?
False
Is 33653138 composite?
True
Is 956557481 a prime number?
False
Is 316905113663 a prime number?
True
Is 249608189 a prime number?
True
Is 3597755969 composite?
False
Is 60331788391 prime?
False
Is 1646550637 prime?
False
Is 2527796395 prime?
False
Is 2311637627 a prime number?
False
Is 11067349429 composite?
False
Is 2691545257 a prime number?
False
Is 281930723 a prime number?
False
Is 540113381 prime?
True
Is 1584093653 a prime number?
False
Is 8019155549 a composite number?
False
Is 157287917 prime?
False
Is 1136868691 composite?
True
Is 8465345